 factors of 38209?
19, 2011
List the prime factors of 13234.
2, 13, 509
What are the prime factors of 43426?
2, 21713
List the prime factors of 3658.
2, 31, 59
List the prime factors of 6065.
5, 1213
What are the prime factors of 3945?
3, 5, 263
What are the prime factors of 773?
773
List the prime factors of 140760.
2, 3, 5, 17, 23
List the prime factors of 181.
181
What are the prime factors of 11120?
2, 5, 139
What are the prime factors of 85775?
5, 47, 73
What are the prime factors of 4449?
3, 1483
List the prime factors of 9184.
2, 7, 41
List the prime factors of 27586.
2, 13, 1061
What are the prime factors of 37602?
2, 3, 2089
List the prime factors of 2418.
2, 3, 13, 31
What are the prime factors of 53297?
223, 239
List the prime factors of 893.
19, 47
What are the prime factors of 777?
3, 7, 37
What are the prime factors of 4999?
4999
What are the prime factors of 245?
5, 7
What are the prime factors of 5718?
2, 3, 953
List the prime factors of 1111.
11, 101
What are the prime factors of 2347?
2347
What are the prime factors of 4055?
5, 811
List the prime factors of 6898.
2, 3449
What are the prime factors of 1091?
1091
List the prime factors of 7608.
2, 3, 317
List the prime factors of 1024.
2
List the prime factors of 99759.
3, 11, 3023
What are the prime factors of 2133?
3, 79
List the prime factors of 30860.
2, 5, 1543
List the prime factors of 27738.
2, 3, 23, 67
List the prime factors of 10904.
2, 29, 47
What are the prime factors of 358?
2, 179
List the prime factors of 4013.
4013
What are the prime factors of 528?
2, 3, 11
What are the prime factors of 4484?
2, 19, 59
What are the prime factors of 25406?
2, 12703
What are the prime factors of 582?
2, 3, 97
What are the prime factors of 2846?
2, 1423
List the prime factors of 65819.
13, 61, 83
List the prime factors of 58608.
2, 3, 11, 37
What are the prime factors of 6769?
7, 967
What are the prime factors of 111795?
3, 5, 29, 257
List the prime factors of 33490.
2, 5, 17, 197
What are the prime factors of 1368?
2, 3, 19
What are the prime factors of 28395?
3, 5, 631
What are the prime factors of 67322?
2, 41, 821
What are the prime factors of 3468?
2, 3, 17
List the prime factors of 48035.
5, 13, 739
What are the prime factors of 212?
2, 53
What are the prime factors of 2225?
5, 89
What are the prime factors of 746?
2, 373
What are the prime factors of 8314?
2, 4157
What are the prime factors of 12502?
2, 7, 19, 47
List the prime factors of 17498.
2, 13, 673
What are the prime factors of 114169?
11, 97, 107
What are the prime factors of 19806?
2, 3, 3301
List the prime factors of 33376.
2, 7, 149
What are the prime factors of 28738?
2, 14369
List the prime factors of 3515.
5, 19, 37
List the prime factors of 50.
2, 5
What are the prime factors of 54112?
2, 19, 89
What are the prime factors of 34392?
2, 3, 1433
List the prime factors of 471.
3, 157
What are the prime factors of 832?
2, 13
List the prime factors of 2282.
2, 7, 163
List the prime factors of 245.
5, 7
List the prime factors of 1644.
2, 3, 137
What are the prime factors of 2736?
2, 3, 19
List the prime factors of 3697.
3697
What are the prime factors of 22415?
5, 4483
List the prime factors of 20308.
2, 5077
What are the prime factors of 73751?
73751
List the prime factors of 964.
2, 241
What are the prime factors of 12362?
2, 7, 883
List the prime factors of 1095.
3, 5, 73
List the prime factors of 1084.
2, 271
What are the prime factors of 4643?
4643
What are the prime factors of 1375?
5, 11
List the prime factors of 162.
2, 3
List the prime factors of 18079.
101, 179
What are the prime factors of 31502?
2, 19, 829
List the prime factors of 9669.
3, 11, 293
List the prime factors of 12522.
2, 3, 2087
List the prime factors of 34416.
2, 3, 239
List the prime factors of 4932.
2, 3, 137
What are the prime factors of 16631?
16631
List the prime factors of 23787.
3, 881
What are the prime factors of 15574?
2, 13, 599
List the prime factors of 13301.
47, 283
List the prime factors of 1710.
2, 3, 5, 19
List the prime factors of 11149.
11149
List the prime factors of 24807.
3, 8269
What are the prime factors of 88930?
2, 5, 8893
List the prime factors of 9129.
3, 17, 179
List the prime factors of 43978.
2, 11, 1999
What are the prime factors of 917?
7, 131
List the prime factors of 2274.
2, 3, 379
What are the prime factors of 102295?
5, 41, 499
List the prime factors of 4470.
2, 3, 5, 149
What are the prime factors of 15370?
2, 5, 29, 53
List the prime factors of 80.
2, 5
What are the prime factors of 92910?
2, 3, 5, 19, 163
List the prime factors of 50987.
67, 761
List the prime factors of 5339.
19, 281
List the prime factors of 979.
11, 89
List the prime factors of 3655.
5, 17, 43
List the prime factors of 24341.
101, 241
List the prime factors of 120590.
2, 5, 31, 389
List the prime factors of 12112.
2, 757
List the prime factors of 25737.
3, 23, 373
List the prime factors of 8850.
2, 3, 5, 59
What are the prime factors of 50382?
2, 3, 311
List the prime factors of 6941.
11, 631
List the prime factors of 3320.
2, 5, 83
What are the prime factors of 1116?
2, 3, 31
What are the prime factors of 1738?
2, 11, 79
List the prime factors of 3684.
2, 3, 307
What are the prime factors of 45741?
3, 79, 193
List the prime factors of 79517.
131, 607
What are the prime factors of 331?
331
What are the prime factors of 2673?
3, 11
List the prime factors of 672.
2, 3, 7
List the prime factors of 468.
2, 3, 13
What are the prime factors of 21491?
21491
What are the prime factors of 2320?
2, 5, 29
List the prime factors of 31419.
3, 3491
What are the prime factors of 28296?
2, 3, 131
List the prime factors of 361.
19
What are the prime factors of 13645?
5, 2729
What are the prime factors of 3231?
3, 359
List the prime factors of 22046.
2, 73, 151
List the prime factors of 86991.
3, 107, 271
What are the prime factors of 5144?
2, 643
List the prime factors of 1543.
1543
List the prime factors of 108253.
103, 1051
List the prime factors of 16625.
5, 7, 19
What are the prime factors of 20389?
20389
What are the prime factors of 21766?
2, 10883
What are the prime factors of 3015?
3, 5, 67
List the prime factors of 38937.
3, 12979
What are the prime factors of 25682?
2, 12841
List the prime factors of 53466.
2, 3, 7, 19, 67
What are the prime factors of 59899?
7, 43, 199
List the prime factors of 16345.
5, 7, 467
What are the prime factors of 390?
2, 3, 5, 13
List the prime factors of 39784.
2, 4973
List the prime factors of 380.
2, 5, 19
What are the prime factors of 11810?
2, 5, 1181
What are the prime factors of 38082?
2, 3, 11, 577
List the prime factors of 7341.
3, 2447
List the prime factors of 856.
2, 107
What are the prime factors of 8872?
2, 1109
List the prime factors of 5671.
53, 107
What are the prime factors of 1380?
2, 3, 5, 23
List the prime factors of 4261.
4261
What are the prime factors of 2893?
11, 263
What are the prime factors of 1247?
29, 43
List the prime factors of 12838.
2, 7, 131
List the prime factors of 135.
3, 5
List the prime factors of 82921.
101, 821
List the prime factors of 3424.
2, 107
List the prime factors of 297.
3, 11
What are the prime factors of 16080?
2, 3, 5, 67
List the prime factors of 202080.
2, 3, 5, 421
List the prime factors of 11003.
11003
List the prime factors of 9945.
3, 5, 13, 17
What are the prime factors of 1114?
2, 557
What are the prime factors of 1153?
1153
What are the prime factors of 1607?
1607
What are the prime factors of 1792?
2, 7
What are the prime factors of 116?
2, 29
List the prime factors of 3931.
3931
What are the prime factors of 4697?
7, 11, 61
List the prime factors of 907.
907
List the prime factors of 115372.
2, 28843
What are the prime factors of 2090?
2, 5, 11, 19
List the prime factors of 7660.
2, 5, 383
List the prime factors of 45732.
2, 3, 37, 103
List the prime factors of 53.
53
What are the prime factors of 19856?
2, 17, 73
List the prime factors of 4247.
31, 137
What are the prime factors of 26867?
67, 401
What are the prime factors of 9656?
2, 17, 71
What are the prime factors of 73687?
31, 2377
What are the prime factors of 1499?
1499
What are the prime factors of 581?
7, 83
What are the prime factors of 143086?
2, 29, 2467
List the prime factors